{"id":2907,"date":"2022-06-27T11:21:38","date_gmt":"2022-06-27T11:21:38","guid":{"rendered":"https:\/\/harpagany.eu\/?page_id=2907"},"modified":"2022-06-27T11:21:38","modified_gmt":"2022-06-27T11:21:38","slug":"maly-szlak-beskidzki","status":"publish","type":"page","link":"https:\/\/harpagany.eu\/?page_id=2907","title":{"rendered":"Ma\u0142y Szlak Beskidzki"},"content":{"rendered":"\n<p>Naszym drugim pokonanym szlakiem kilkudniowym by\u0142 <a href=\"https:\/\/harpagany.eu\/?p=2883\">Ma\u0142y Szlak Beskidzki<\/a>. Ze wzgl\u0119du na to i\u017c liczy on 137 km to uda\u0142o si\u0119 nam przej\u015b\u0107 go za jednym razem w nieca\u0142e cztery doby (pi\u0119\u0107 dni licz\u0105c datami).<\/p>\n\n\n\n<p><a href=\"http:\/\/www.bielsko.ptt.org.pl\/maly-szlak-beskidzki\/\">Regulamin<\/a>\u00a0odznaki krajoznawczo-turystycznej PTT \u201cMa\u0142y Szlak Beskidzki\u201d<\/p>\n\n\n\n<p><a href=\"http:\/\/www.msw-pttk.org.pl\/odznaki\/reg_odznak\/reg_otmszb.html\">Regulamin<\/a>\u00a0Ma\u0142ego Szlaku Beskidzkiego PTTK<\/p>\n","protected":false},"excerpt":{"rendered":"<p>Naszym drugim pokonanym szlakiem kilkudniowym by\u0142 Ma\u0142y Szlak Beskidzki. Ze wzgl\u0119du na to i\u017c liczy on 137 km to uda\u0142o si\u0119 nam przej\u015b\u0107 go za jednym razem w nieca\u0142e cztery doby (pi\u0119\u0107 dni licz\u0105c datami). Regulamin\u00a0odznaki krajoznawczo-turystycznej PTT \u201cMa\u0142y Szlak Beskidzki\u201d Regulamin\u00a0Ma\u0142ego Szlaku Beskidzkiego PTTK<\/p>\n","protected":false},"author":1,"featured_media":0,"parent":0,"menu_order":0,"comment_status":"closed","ping_status":"closed","template":"","meta":{"footnotes":""},"class_list":["post-2907","page","type-page","status-publish","hentry"],"yoast_head":"<!-- This site is optimized with the Yoast SEO plugin v26.2 - https:\/\/yoast.com\/wordpress\/plugins\/seo\/ -->\n<title>Ma\u0142y Szlak Beskidzki - P\u0142ockie Harpagany<\/title>\n<meta name=\"robots\" content=\"index, follow, max-snippet:-1, max-image-preview:large, max-video-preview:-1\" \/>\n<link rel=\"canonical\" href=\"https:\/\/harpagany.eu\/?page_id=2907\" \/>\n<meta property=\"og:locale\" content=\"pl_PL\" \/>\n<meta property=\"og:type\" content=\"article\" \/>\n<meta property=\"og:title\" content=\"Ma\u0142y Szlak Beskidzki - P\u0142ockie Harpagany\" \/>\n<meta property=\"og:description\" content=\"Naszym drugim pokonanym szlakiem kilkudniowym by\u0142 Ma\u0142y Szlak Beskidzki. Ze wzgl\u0119du na to i\u017c liczy on 137 km to uda\u0142o si\u0119 nam przej\u015b\u0107 go za jednym razem w nieca\u0142e cztery doby (pi\u0119\u0107 dni licz\u0105c datami). Regulamin\u00a0odznaki krajoznawczo-turystycznej PTT \u201cMa\u0142y Szlak Beskidzki\u201d Regulamin\u00a0Ma\u0142ego Szlaku Beskidzkiego PTTK\" \/>\n<meta property=\"og:url\" content=\"https:\/\/harpagany.eu\/?page_id=2907\" \/>\n<meta property=\"og:site_name\" content=\"P\u0142ockie Harpagany\" \/>\n<meta name=\"twitter:card\" content=\"summary_large_image\" \/>\n<script type=\"application\/ld+json\" class=\"yoast-schema-graph\">{\"@context\":\"https:\/\/schema.org\",\"@graph\":[{\"@type\":\"WebPage\",\"@id\":\"https:\/\/harpagany.eu\/?page_id=2907\",\"url\":\"https:\/\/harpagany.eu\/?page_id=2907\",\"name\":\"Ma\u0142y Szlak Beskidzki - P\u0142ockie Harpagany\",\"isPartOf\":{\"@id\":\"https:\/\/harpagany.eu\/#website\"},\"datePublished\":\"2022-06-27T11:21:38+00:00\",\"breadcrumb\":{\"@id\":\"https:\/\/harpagany.eu\/?page_id=2907#breadcrumb\"},\"inLanguage\":\"pl-PL\",\"potentialAction\":[{\"@type\":\"ReadAction\",\"target\":[\"https:\/\/harpagany.eu\/?page_id=2907\"]}]},{\"@type\":\"BreadcrumbList\",\"@id\":\"https:\/\/harpagany.eu\/?page_id=2907#breadcrumb\",\"itemListElement\":[{\"@type\":\"ListItem\",\"position\":1,\"name\":\"Home\",\"item\":\"https:\/\/harpagany.eu\/\"},{\"@type\":\"ListItem\",\"position\":2,\"name\":\"Ma\u0142y Szlak Beskidzki\"}]},{\"@type\":\"WebSite\",\"@id\":\"https:\/\/harpagany.eu\/#website\",\"url\":\"https:\/\/harpagany.eu\/\",\"name\":\"P\u0142ockie Harpagany\",\"description\":\"Niewa\u017cne gdzie, wa\u017cne z kim!!!\",\"potentialAction\":[{\"@type\":\"SearchAction\",\"target\":{\"@type\":\"EntryPoint\",\"urlTemplate\":\"https:\/\/harpagany.eu\/?s={search_term_string}\"},\"query-input\":{\"@type\":\"PropertyValueSpecification\",\"valueRequired\":true,\"valueName\":\"search_term_string\"}}],\"inLanguage\":\"pl-PL\"}]}<\/script>\n<!-- \/ Yoast SEO plugin. -->","yoast_head_json":{"title":"Ma\u0142y Szlak Beskidzki - P\u0142ockie Harpagany","robots":{"index":"index","follow":"follow","max-snippet":"max-snippet:-1","max-image-preview":"max-image-preview:large","max-video-preview":"max-video-preview:-1"},"canonical":"https:\/\/harpagany.eu\/?page_id=2907","og_locale":"pl_PL","og_type":"article","og_title":"Ma\u0142y Szlak Beskidzki - P\u0142ockie Harpagany","og_description":"Naszym drugim pokonanym szlakiem kilkudniowym by\u0142 Ma\u0142y Szlak Beskidzki. Ze wzgl\u0119du na to i\u017c liczy on 137 km to uda\u0142o si\u0119 nam przej\u015b\u0107 go za jednym razem w nieca\u0142e cztery doby (pi\u0119\u0107 dni licz\u0105c datami). Regulamin\u00a0odznaki krajoznawczo-turystycznej PTT \u201cMa\u0142y Szlak Beskidzki\u201d Regulamin\u00a0Ma\u0142ego Szlaku Beskidzkiego PTTK","og_url":"https:\/\/harpagany.eu\/?page_id=2907","og_site_name":"P\u0142ockie Harpagany","twitter_card":"summary_large_image","schema":{"@context":"https:\/\/schema.org","@graph":[{"@type":"WebPage","@id":"https:\/\/harpagany.eu\/?page_id=2907","url":"https:\/\/harpagany.eu\/?page_id=2907","name":"Ma\u0142y Szlak Beskidzki - P\u0142ockie Harpagany","isPartOf":{"@id":"https:\/\/harpagany.eu\/#website"},"datePublished":"2022-06-27T11:21:38+00:00","breadcrumb":{"@id":"https:\/\/harpagany.eu\/?page_id=2907#breadcrumb"},"inLanguage":"pl-PL","potentialAction":[{"@type":"ReadAction","target":["https:\/\/harpagany.eu\/?page_id=2907"]}]},{"@type":"BreadcrumbList","@id":"https:\/\/harpagany.eu\/?page_id=2907#breadcrumb","itemListElement":[{"@type":"ListItem","position":1,"name":"Home","item":"https:\/\/harpagany.eu\/"},{"@type":"ListItem","position":2,"name":"Ma\u0142y Szlak Beskidzki"}]},{"@type":"WebSite","@id":"https:\/\/harpagany.eu\/#website","url":"https:\/\/harpagany.eu\/","name":"P\u0142ockie Harpagany","description":"Niewa\u017cne gdzie, wa\u017cne z kim!!!","potentialAction":[{"@type":"SearchAction","target":{"@type":"EntryPoint","urlTemplate":"https:\/\/harpagany.eu\/?s={search_term_string}"},"query-input":{"@type":"PropertyValueSpecification","valueRequired":true,"valueName":"search_term_string"}}],"inLanguage":"pl-PL"}]}},"_links":{"self":[{"href":"https:\/\/harpagany.eu\/index.php?rest_route=\/wp\/v2\/pages\/2907","targetHints":{"allow":["GET"]}}],"collection":[{"href":"https:\/\/harpagany.eu\/index.php?rest_route=\/wp\/v2\/pages"}],"about":[{"href":"https:\/\/harpagany.eu\/index.php?rest_route=\/wp\/v2\/types\/page"}],"author":[{"embeddable":true,"href":"https:\/\/harpagany.eu\/index.php?rest_route=\/wp\/v2\/users\/1"}],"replies":[{"embeddable":true,"href":"https:\/\/harpagany.eu\/index.php?rest_route=%2Fwp%2Fv2%2Fcomments&post=2907"}],"version-history":[{"count":0,"href":"https:\/\/harpagany.eu\/index.php?rest_route=\/wp\/v2\/pages\/2907\/revisions"}],"wp:attachment":[{"href":"https:\/\/harpagany.eu\/index.php?rest_route=%2Fwp%2Fv2%2Fmedia&parent=2907"}],"curies":[{"name":"wp","href":"https:\/\/api.w.org\/{rel}","templated":true}]}}