{"id":4113,"date":"2025-01-12T22:19:42","date_gmt":"2025-01-12T21:19:42","guid":{"rendered":"https:\/\/harpagany.eu\/?page_id=4113"},"modified":"2025-01-12T22:21:14","modified_gmt":"2025-01-12T21:21:14","slug":"szlaki-piesze-2","status":"publish","type":"page","link":"https:\/\/harpagany.eu\/?page_id=4113","title":{"rendered":"Szlaki piesze"},"content":{"rendered":"\n<p>Ta strona b\u0119dzie zawiera\u0142a nasze piesze wycieczki, g\u0142\u00f3wnie po szlakach PTTK na terenach poza g\u00f3rami. Zaczynamy od naszego rodzimego Mazowsza.<\/p>\n","protected":false},"excerpt":{"rendered":"<p>Ta strona b\u0119dzie zawiera\u0142a nasze piesze wycieczki, g\u0142\u00f3wnie po szlakach PTTK na terenach poza g\u00f3rami. Zaczynamy od naszego rodzimego Mazowsza.<\/p>\n","protected":false},"author":1,"featured_media":0,"parent":0,"menu_order":0,"comment_status":"closed","ping_status":"closed","template":"","meta":{"footnotes":""},"class_list":["post-4113","page","type-page","status-publish","hentry"],"yoast_head":"<!-- This site is optimized with the Yoast SEO plugin v26.2 - https:\/\/yoast.com\/wordpress\/plugins\/seo\/ -->\n<title>Szlaki piesze - P\u0142ockie Harpagany<\/title>\n<meta name=\"robots\" content=\"index, follow, max-snippet:-1, max-image-preview:large, max-video-preview:-1\" \/>\n<link rel=\"canonical\" href=\"https:\/\/harpagany.eu\/?page_id=4113\" \/>\n<meta property=\"og:locale\" content=\"pl_PL\" \/>\n<meta property=\"og:type\" content=\"article\" \/>\n<meta property=\"og:title\" content=\"Szlaki piesze - P\u0142ockie Harpagany\" \/>\n<meta property=\"og:description\" content=\"Ta strona b\u0119dzie zawiera\u0142a nasze piesze wycieczki, g\u0142\u00f3wnie po szlakach PTTK na terenach poza g\u00f3rami. Zaczynamy od naszego rodzimego Mazowsza.\" \/>\n<meta property=\"og:url\" content=\"https:\/\/harpagany.eu\/?page_id=4113\" \/>\n<meta property=\"og:site_name\" content=\"P\u0142ockie Harpagany\" \/>\n<meta property=\"article:modified_time\" content=\"2025-01-12T21:21:14+00:00\" \/>\n<meta name=\"twitter:card\" content=\"summary_large_image\" \/>\n<meta name=\"twitter:label1\" content=\"Szacowany czas czytania\" \/>\n\t<meta name=\"twitter:data1\" content=\"1 minuta\" \/>\n<script type=\"application\/ld+json\" class=\"yoast-schema-graph\">{\"@context\":\"https:\/\/schema.org\",\"@graph\":[{\"@type\":\"WebPage\",\"@id\":\"https:\/\/harpagany.eu\/?page_id=4113\",\"url\":\"https:\/\/harpagany.eu\/?page_id=4113\",\"name\":\"Szlaki piesze - P\u0142ockie Harpagany\",\"isPartOf\":{\"@id\":\"https:\/\/harpagany.eu\/#website\"},\"datePublished\":\"2025-01-12T21:19:42+00:00\",\"dateModified\":\"2025-01-12T21:21:14+00:00\",\"breadcrumb\":{\"@id\":\"https:\/\/harpagany.eu\/?page_id=4113#breadcrumb\"},\"inLanguage\":\"pl-PL\",\"potentialAction\":[{\"@type\":\"ReadAction\",\"target\":[\"https:\/\/harpagany.eu\/?page_id=4113\"]}]},{\"@type\":\"BreadcrumbList\",\"@id\":\"https:\/\/harpagany.eu\/?page_id=4113#breadcrumb\",\"itemListElement\":[{\"@type\":\"ListItem\",\"position\":1,\"name\":\"Home\",\"item\":\"https:\/\/harpagany.eu\/\"},{\"@type\":\"ListItem\",\"position\":2,\"name\":\"Szlaki piesze\"}]},{\"@type\":\"WebSite\",\"@id\":\"https:\/\/harpagany.eu\/#website\",\"url\":\"https:\/\/harpagany.eu\/\",\"name\":\"P\u0142ockie Harpagany\",\"description\":\"Niewa\u017cne gdzie, wa\u017cne z kim!!!\",\"potentialAction\":[{\"@type\":\"SearchAction\",\"target\":{\"@type\":\"EntryPoint\",\"urlTemplate\":\"https:\/\/harpagany.eu\/?s={search_term_string}\"},\"query-input\":{\"@type\":\"PropertyValueSpecification\",\"valueRequired\":true,\"valueName\":\"search_term_string\"}}],\"inLanguage\":\"pl-PL\"}]}<\/script>\n<!-- \/ Yoast SEO plugin. -->","yoast_head_json":{"title":"Szlaki piesze - P\u0142ockie Harpagany","robots":{"index":"index","follow":"follow","max-snippet":"max-snippet:-1","max-image-preview":"max-image-preview:large","max-video-preview":"max-video-preview:-1"},"canonical":"https:\/\/harpagany.eu\/?page_id=4113","og_locale":"pl_PL","og_type":"article","og_title":"Szlaki piesze - P\u0142ockie Harpagany","og_description":"Ta strona b\u0119dzie zawiera\u0142a nasze piesze wycieczki, g\u0142\u00f3wnie po szlakach PTTK na terenach poza g\u00f3rami. Zaczynamy od naszego rodzimego Mazowsza.","og_url":"https:\/\/harpagany.eu\/?page_id=4113","og_site_name":"P\u0142ockie Harpagany","article_modified_time":"2025-01-12T21:21:14+00:00","twitter_card":"summary_large_image","twitter_misc":{"Szacowany czas czytania":"1 minuta"},"schema":{"@context":"https:\/\/schema.org","@graph":[{"@type":"WebPage","@id":"https:\/\/harpagany.eu\/?page_id=4113","url":"https:\/\/harpagany.eu\/?page_id=4113","name":"Szlaki piesze - P\u0142ockie Harpagany","isPartOf":{"@id":"https:\/\/harpagany.eu\/#website"},"datePublished":"2025-01-12T21:19:42+00:00","dateModified":"2025-01-12T21:21:14+00:00","breadcrumb":{"@id":"https:\/\/harpagany.eu\/?page_id=4113#breadcrumb"},"inLanguage":"pl-PL","potentialAction":[{"@type":"ReadAction","target":["https:\/\/harpagany.eu\/?page_id=4113"]}]},{"@type":"BreadcrumbList","@id":"https:\/\/harpagany.eu\/?page_id=4113#breadcrumb","itemListElement":[{"@type":"ListItem","position":1,"name":"Home","item":"https:\/\/harpagany.eu\/"},{"@type":"ListItem","position":2,"name":"Szlaki piesze"}]},{"@type":"WebSite","@id":"https:\/\/harpagany.eu\/#website","url":"https:\/\/harpagany.eu\/","name":"P\u0142ockie Harpagany","description":"Niewa\u017cne gdzie, wa\u017cne z kim!!!","potentialAction":[{"@type":"SearchAction","target":{"@type":"EntryPoint","urlTemplate":"https:\/\/harpagany.eu\/?s={search_term_string}"},"query-input":{"@type":"PropertyValueSpecification","valueRequired":true,"valueName":"search_term_string"}}],"inLanguage":"pl-PL"}]}},"_links":{"self":[{"href":"https:\/\/harpagany.eu\/index.php?rest_route=\/wp\/v2\/pages\/4113","targetHints":{"allow":["GET"]}}],"collection":[{"href":"https:\/\/harpagany.eu\/index.php?rest_route=\/wp\/v2\/pages"}],"about":[{"href":"https:\/\/harpagany.eu\/index.php?rest_route=\/wp\/v2\/types\/page"}],"author":[{"embeddable":true,"href":"https:\/\/harpagany.eu\/index.php?rest_route=\/wp\/v2\/users\/1"}],"replies":[{"embeddable":true,"href":"https:\/\/harpagany.eu\/index.php?rest_route=%2Fwp%2Fv2%2Fcomments&post=4113"}],"version-history":[{"count":2,"href":"https:\/\/harpagany.eu\/index.php?rest_route=\/wp\/v2\/pages\/4113\/revisions"}],"predecessor-version":[{"id":4118,"href":"https:\/\/harpagany.eu\/index.php?rest_route=\/wp\/v2\/pages\/4113\/revisions\/4118"}],"wp:attachment":[{"href":"https:\/\/harpagany.eu\/index.php?rest_route=%2Fwp%2Fv2%2Fmedia&parent=4113"}],"curies":[{"name":"wp","href":"https:\/\/api.w.org\/{rel}","templated":true}]}}