{"id":4595,"date":"2026-01-01T18:36:29","date_gmt":"2026-01-01T17:36:29","guid":{"rendered":"https:\/\/harpagany.eu\/?page_id=4595"},"modified":"2026-01-08T23:10:19","modified_gmt":"2026-01-08T22:10:19","slug":"korona-gor-dolnego-slaska","status":"publish","type":"page","link":"https:\/\/harpagany.eu\/?page_id=4595","title":{"rendered":"Korona G\u00f3r Dolnego \u015al\u0105ska"},"content":{"rendered":"\n<p>Odznaka przyznawana przez Stowarzyszenie Rozwoju Monte Silentii (<a href=\"https:\/\/moja.kgds.pl\/peaks-list\">wykaz i mapa szczyt\u00f3w<\/a>&nbsp;oraz&nbsp;<a href=\"https:\/\/moja.kgds.pl\/rules\">regulamin<\/a>), w ramach kt\u00f3rej nale\u017cy zdoby\u0107 nast\u0119puj\u0105ce szczyty:<\/p>\n\n\n\n<ol class=\"wp-block-list\">\n<li><a href=\"https:\/\/harpagany.eu\/?p=3023\">Ostrzyca<\/a> 501 m n.p.m. &#8211; 06.01.2023<\/li>\n\n\n\n<li><a href=\"https:\/\/harpagany.eu\/?p=827\">\u015al\u0119\u017ca<\/a> 718 m n.p.m. &#8211; 07.11.2020<\/li>\n\n\n\n<li><a href=\"https:\/\/harpagany.eu\/?p=1124\">Okole<\/a> 725 m n.p.m. &#8211; 10.12.2020<\/li>\n\n\n\n<li><a href=\"https:\/\/harpagany.eu\/?p=1523\">K\u0142odzka G\u00f3ra<\/a> 757 m n.p.m. &#8211; 11.01.2021<\/li>\n\n\n\n<li><a href=\"https:\/\/harpagany.eu\/?p=1523\">Szeroka G\u00f3ra<\/a> 766 m n.p.m. &#8211; 11.01.2021<\/li>\n\n\n\n<li><a href=\"https:\/\/harpagany.eu\/?p=2783\">Che\u0142miec<\/a> 851 m n.p.m. &#8211; 24.04.2022<\/li>\n\n\n\n<li><a href=\"https:\/\/harpagany.eu\/?p=1494\">Borowa<\/a> 853 m n.p.m. &#8211; 06.01.2021<\/li>\n\n\n\n<li><a href=\"https:\/\/harpagany.eu\/?p=773\">Szczeliniec Wielki <\/a>919 m n.p.m. &#8211; 05.11.2020<\/li>\n\n\n\n<li><a href=\"https:\/\/harpagany.eu\/?p=3064\">Walig\u00f3ra<\/a> 936 m n.p.m. &#8211; 07.01.2023<\/li>\n\n\n\n<li><a href=\"https:\/\/harpagany.eu\/?p=4619\">Skalnik<\/a> 945 m n.p.m. &#8211; 19.04.2025<\/li>\n\n\n\n<li><a href=\"https:\/\/harpagany.eu\/?p=792\">Jagodna<\/a> 977 m n.p.m. &#8211; 05.11.2020<\/li>\n\n\n\n<li><a href=\"https:\/\/harpagany.eu\/?p=209\">Kowad\u0142o<\/a> 989 m n.p.m. &#8211; 13.09.2020<\/li>\n\n\n\n<li><a href=\"https:\/\/harpagany.eu\/?p=805\">Wielka Sowa<\/a> 1015 m n.p.m. &#8211; 06.11.2020<\/li>\n\n\n\n<li><a href=\"https:\/\/harpagany.eu\/?p=55\">Wysoki Kamie\u0144<\/a> 1058 m n.p.m. &#8211; 05.09.2020<\/li>\n\n\n\n<li><a href=\"https:\/\/harpagany.eu\/?p=784\">Orlica<\/a> 1084 m n.p.m. &#8211; 05.11.2020<\/li>\n\n\n\n<li>St\u00f3g Izerski 1105 m n.p.m.<\/li>\n\n\n\n<li><a href=\"https:\/\/harpagany.eu\/?p=191\">Rudawiec<\/a> 1112 m n.p.m. &#8211; 13.09.2020<\/li>\n\n\n\n<li><a href=\"https:\/\/harpagany.eu\/?p=4630\">Wysoka Kopa<\/a> 1126 m n.p.m. &#8211; 19.04.2025<\/li>\n\n\n\n<li><a href=\"https:\/\/harpagany.eu\/?p=2051\">Skalny St\u00f3\u0142<\/a> 1281 m n.p.m. &#8211; 21.08.2021<\/li>\n\n\n\n<li>Szrenica 1362 m n.p.m.<\/li>\n\n\n\n<li><a href=\"https:\/\/harpagany.eu\/?p=4604\">\u015anie\u017cnik<\/a> 1423 m n.p.m. &#8211; 26.12.2025<\/li>\n\n\n\n<li>\u0141abski Szczyt 1472 m n.p.m.<\/li>\n\n\n\n<li><a href=\"https:\/\/harpagany.eu\/?p=4642\">\u015anie\u017cka<\/a> 1603 m n.p.m. &#8211; 20.04.2025<\/li>\n<\/ol>\n","protected":false},"excerpt":{"rendered":"<p>Odznaka przyznawana przez Stowarzyszenie Rozwoju Monte Silentii (wykaz i mapa szczyt\u00f3w&nbsp;oraz&nbsp;regulamin), w ramach kt\u00f3rej nale\u017cy zdoby\u0107 nast\u0119puj\u0105ce szczyty:<\/p>\n","protected":false},"author":1,"featured_media":0,"parent":0,"menu_order":0,"comment_status":"closed","ping_status":"closed","template":"","meta":{"footnotes":""},"class_list":["post-4595","page","type-page","status-publish","hentry"],"yoast_head":"<!-- This site is optimized with the Yoast SEO plugin v26.2 - https:\/\/yoast.com\/wordpress\/plugins\/seo\/ -->\n<title>Korona G\u00f3r Dolnego \u015al\u0105ska - P\u0142ockie Harpagany<\/title>\n<meta name=\"robots\" content=\"index, follow, max-snippet:-1, max-image-preview:large, max-video-preview:-1\" \/>\n<link rel=\"canonical\" href=\"https:\/\/harpagany.eu\/?page_id=4595\" \/>\n<meta property=\"og:locale\" content=\"pl_PL\" \/>\n<meta property=\"og:type\" content=\"article\" \/>\n<meta property=\"og:title\" content=\"Korona G\u00f3r Dolnego \u015al\u0105ska - P\u0142ockie Harpagany\" \/>\n<meta property=\"og:description\" content=\"Odznaka przyznawana przez Stowarzyszenie Rozwoju Monte Silentii (wykaz i mapa szczyt\u00f3w&nbsp;oraz&nbsp;regulamin), w ramach kt\u00f3rej nale\u017cy zdoby\u0107 nast\u0119puj\u0105ce szczyty:\" \/>\n<meta property=\"og:url\" content=\"https:\/\/harpagany.eu\/?page_id=4595\" \/>\n<meta property=\"og:site_name\" content=\"P\u0142ockie Harpagany\" \/>\n<meta property=\"article:modified_time\" content=\"2026-01-08T22:10:19+00:00\" \/>\n<meta name=\"twitter:card\" content=\"summary_large_image\" \/>\n<meta name=\"twitter:label1\" content=\"Szacowany czas czytania\" \/>\n\t<meta name=\"twitter:data1\" content=\"1 minuta\" \/>\n<script type=\"application\/ld+json\" class=\"yoast-schema-graph\">{\"@context\":\"https:\/\/schema.org\",\"@graph\":[{\"@type\":\"WebPage\",\"@id\":\"https:\/\/harpagany.eu\/?page_id=4595\",\"url\":\"https:\/\/harpagany.eu\/?page_id=4595\",\"name\":\"Korona G\u00f3r Dolnego \u015al\u0105ska - P\u0142ockie Harpagany\",\"isPartOf\":{\"@id\":\"https:\/\/harpagany.eu\/#website\"},\"datePublished\":\"2026-01-01T17:36:29+00:00\",\"dateModified\":\"2026-01-08T22:10:19+00:00\",\"breadcrumb\":{\"@id\":\"https:\/\/harpagany.eu\/?page_id=4595#breadcrumb\"},\"inLanguage\":\"pl-PL\",\"potentialAction\":[{\"@type\":\"ReadAction\",\"target\":[\"https:\/\/harpagany.eu\/?page_id=4595\"]}]},{\"@type\":\"BreadcrumbList\",\"@id\":\"https:\/\/harpagany.eu\/?page_id=4595#breadcrumb\",\"itemListElement\":[{\"@type\":\"ListItem\",\"position\":1,\"name\":\"Home\",\"item\":\"https:\/\/harpagany.eu\/\"},{\"@type\":\"ListItem\",\"position\":2,\"name\":\"Korona G\u00f3r Dolnego \u015al\u0105ska\"}]},{\"@type\":\"WebSite\",\"@id\":\"https:\/\/harpagany.eu\/#website\",\"url\":\"https:\/\/harpagany.eu\/\",\"name\":\"P\u0142ockie Harpagany\",\"description\":\"Niewa\u017cne gdzie, wa\u017cne z kim!!!\",\"potentialAction\":[{\"@type\":\"SearchAction\",\"target\":{\"@type\":\"EntryPoint\",\"urlTemplate\":\"https:\/\/harpagany.eu\/?s={search_term_string}\"},\"query-input\":{\"@type\":\"PropertyValueSpecification\",\"valueRequired\":true,\"valueName\":\"search_term_string\"}}],\"inLanguage\":\"pl-PL\"}]}<\/script>\n<!-- \/ Yoast SEO plugin. -->","yoast_head_json":{"title":"Korona G\u00f3r Dolnego \u015al\u0105ska - P\u0142ockie Harpagany","robots":{"index":"index","follow":"follow","max-snippet":"max-snippet:-1","max-image-preview":"max-image-preview:large","max-video-preview":"max-video-preview:-1"},"canonical":"https:\/\/harpagany.eu\/?page_id=4595","og_locale":"pl_PL","og_type":"article","og_title":"Korona G\u00f3r Dolnego \u015al\u0105ska - P\u0142ockie Harpagany","og_description":"Odznaka przyznawana przez Stowarzyszenie Rozwoju Monte Silentii (wykaz i mapa szczyt\u00f3w&nbsp;oraz&nbsp;regulamin), w ramach kt\u00f3rej nale\u017cy zdoby\u0107 nast\u0119puj\u0105ce szczyty:","og_url":"https:\/\/harpagany.eu\/?page_id=4595","og_site_name":"P\u0142ockie Harpagany","article_modified_time":"2026-01-08T22:10:19+00:00","twitter_card":"summary_large_image","twitter_misc":{"Szacowany czas czytania":"1 minuta"},"schema":{"@context":"https:\/\/schema.org","@graph":[{"@type":"WebPage","@id":"https:\/\/harpagany.eu\/?page_id=4595","url":"https:\/\/harpagany.eu\/?page_id=4595","name":"Korona G\u00f3r Dolnego \u015al\u0105ska - P\u0142ockie Harpagany","isPartOf":{"@id":"https:\/\/harpagany.eu\/#website"},"datePublished":"2026-01-01T17:36:29+00:00","dateModified":"2026-01-08T22:10:19+00:00","breadcrumb":{"@id":"https:\/\/harpagany.eu\/?page_id=4595#breadcrumb"},"inLanguage":"pl-PL","potentialAction":[{"@type":"ReadAction","target":["https:\/\/harpagany.eu\/?page_id=4595"]}]},{"@type":"BreadcrumbList","@id":"https:\/\/harpagany.eu\/?page_id=4595#breadcrumb","itemListElement":[{"@type":"ListItem","position":1,"name":"Home","item":"https:\/\/harpagany.eu\/"},{"@type":"ListItem","position":2,"name":"Korona G\u00f3r Dolnego \u015al\u0105ska"}]},{"@type":"WebSite","@id":"https:\/\/harpagany.eu\/#website","url":"https:\/\/harpagany.eu\/","name":"P\u0142ockie Harpagany","description":"Niewa\u017cne gdzie, wa\u017cne z kim!!!","potentialAction":[{"@type":"SearchAction","target":{"@type":"EntryPoint","urlTemplate":"https:\/\/harpagany.eu\/?s={search_term_string}"},"query-input":{"@type":"PropertyValueSpecification","valueRequired":true,"valueName":"search_term_string"}}],"inLanguage":"pl-PL"}]}},"_links":{"self":[{"href":"https:\/\/harpagany.eu\/index.php?rest_route=\/wp\/v2\/pages\/4595","targetHints":{"allow":["GET"]}}],"collection":[{"href":"https:\/\/harpagany.eu\/index.php?rest_route=\/wp\/v2\/pages"}],"about":[{"href":"https:\/\/harpagany.eu\/index.php?rest_route=\/wp\/v2\/types\/page"}],"author":[{"embeddable":true,"href":"https:\/\/harpagany.eu\/index.php?rest_route=\/wp\/v2\/users\/1"}],"replies":[{"embeddable":true,"href":"https:\/\/harpagany.eu\/index.php?rest_route=%2Fwp%2Fv2%2Fcomments&post=4595"}],"version-history":[{"count":8,"href":"https:\/\/harpagany.eu\/index.php?rest_route=\/wp\/v2\/pages\/4595\/revisions"}],"predecessor-version":[{"id":4810,"href":"https:\/\/harpagany.eu\/index.php?rest_route=\/wp\/v2\/pages\/4595\/revisions\/4810"}],"wp:attachment":[{"href":"https:\/\/harpagany.eu\/index.php?rest_route=%2Fwp%2Fv2%2Fmedia&parent=4595"}],"curies":[{"name":"wp","href":"https:\/\/api.w.org\/{rel}","templated":true}]}}